 Calculate y(9).
-4
Let l(i) = -i**3 - 9*i**2 + i + 9. What is l(-9)?
0
Let r(d) = -19*d + 71. What is r(4)?
-5
Let m(u) = 2*u - 1. Calculate m(-1).
-3
Let d(p) = p**2 + p + 2. What is d(-4)?
14
Let x(y) = -2*y**2 + 60*y + 68. Calculate x(31).
6
Let p(k) = 2*k**2 - 20*k. Give p(14).
112
Let a(z) = 7*z - 91. What is a(14)?
7
Let j(b) = b**2 + 4*b - 16. What is j(-8)?
16
Let v(z) = -32*z - 362. Give v(-12).
22
Let y(a) = a**3 - 25*a**2 + 25*a - 33. Calculate y(24).
-9
Let x(f) = -f**2 - f - 4. Determine x(-3).
-10
Let c(t) = 37*t + 54. What is c(-4)?
-94
Let b(q) = -q - 3. What is b(-3)?
0
Let f(s) = -14*s - 24. What is f(-1)?
-10
Let l(q) = -21*q**2 + 209*q + 14. Determine l(10).
4
Let p(c) = 2*c**2 + 10*c + 13. Calculate p(-6).
25
Let z(u) = -u - 2. Determine z(1).
-3
Let r(x) = -6*x**3 + 4*x**2 - 3*x + 1. Calculate r(2).
-37
Let l(v) = -v**2 + 17*v - 60. Determine l(5).
0
Let x(h) = -h**2 + 4*h - 3. Calculate x(2).
1
Let h(a) = 4*a - 12. What is h(5)?
8
Let s(b) = b**2 + b + 1. What is s(-3)?
7
Let r(d) = d**2 - 9*d - 17. Calculate r(12).
19
Let m(x) = -2*x - 17. Calculate m(-7).
-3
Let w(u) = u**2 - 6*u + 5. Calculate w(11).
60
Let v(l) = -l**3 + 16*l**2 - 12*l - 1. Give v(15).
44
Let z(v) = -v**3 + 6*v**2 - 5*v - 7. Determine z(6).
-37
Let q(o) = o**2 + 10*o - 9. Determine q(-11).
2
Let r(f) = -f**2 - 11*f + 73. Calculate r(-16).
-7
Let o(l) = -14*l - 149. Give o(-10).
-9
Let a(f) = -23*f**2 + 2*f + 1. Give a(-1).
-24
Let z(v) = v**2 - 34*v - 111. Give z(-3).
0
Let y(i) = 2*i**2 + i + 3. Determine y(2).
13
Let v(c) = 2*c**2 + 35*c + 22. Calculate v(-19).
79
Let k(j) = -3*j - 17. Give k(-5).
-2
Let s(z) = -2*z + 7. What is s(10)?
-13
Let o(r) = -r**2 - r. Give o(1).
-2
Let i(q) = 2*q**2 - 31*q - 14. Calculate i(16).
2
Let i(q) = 11*q**2 + 21*q - 12. Determine i(-4).
80
Let t(u) = -u**2 - 11*u - 13. Determine t(-9).
5
Let u(x) = -12*x + 1. Calculate u(-2).
25
Let a(c) = 6*c + 16. Determine a(-11).
-50
Let w(o) = -o**2 - 6*o - 3. Calculate w(-6).
-3
Let h(x) = 7*x - 4. Determine h(-1).
-11
Let j(z) = 28*z - 208. What is j(8)?
16
Let r(o) = -3*o**2 + 68*o - 52. Determine r(21).
53
Let q(a) = -2*a**2 - 3*a - 6. Determine q(-3).
-15
Let o(c) = -c - 36. What is o(0)?
-36
Let n(j) = -2*j + 41. Give n(8).
25
Let f(w) = -3*w - 29. Give f(-12).
7
Let h(z) = -15*z**2 + 4*z - 2. Determine h(2).
-54
Let w(s) = -2*s + 46. What is w(26)?
-6
Let s(g) = -2*g**2 - 6*g. What is s(-6)?
-36
Let m(v) = -7*v + 437. What is m(62)?
3
Let n(k) = 4*k**2 - 93*k + 95. What is n(22)?
-15
Let d(y) = 66*y**3 + 2*y**2 - y. What is d(1)?
67
Let l(j) = -j**3 + 5*j**2 + 6*j - 4. Determine l(5).
26
Let k(z) = z + 9. Calculate k(-3).
6
Let r(v) = v**2 - 11*v + 11. Give r(7).
-17
Let g(j) = -j - 2. What is g(0)?
-2
Let q(o) = 5*o**2 + 9. Calculate q(-5).
134
Let w(s) = 7*s**2 + 2*s + 7. Determine w(-2).
31
Let n(w) = -w**2 - 9*w - 30. Calculate n(-7).
-16
Let o(n) = -n**3 - 2*n**2 + n + 8. Give o(2).
-6
Let c(f) = 2*f**3 + f**2 + f - 2. What is c(2)?
20
Let h(l) = -6*l - 24. Calculate h(-7).
18
Let h(d) = -d**2 + 8*d + 5. Calculate h(0).
5
Let m(y) = y**3 - 4*y - 5. What is m(3)?
10
Let l(m) = 10*m**3 + m - 1. Calculate l(1).
10
Let f(w) = -7*w - 6. What is f(-4)?
22
Let s(w) = -w**3 - 7*w**2 + 8*w + 31. Calculate s(-6).
-53
Let x(g) = 2*g - 3. Give x(4).
5
Let v(x) = x**2 + 6*x - 5. Give v(-7).
2
Let t(z) = -z**2 + 2*z + 8. What is t(5)?
-7
Let u(n) = -8*n + 5. Calculate u(3).
-19
Let a(d) = 13*d + 12. Calculate a(0).
12
Let n(a) = -a**2 - 15*a - 18. Give n(-13).
8
Let s(j) = j**3 - j**2 - 3*j. Calculate s(-2).
-6
Let n(p) = -p**3 + 4*p**2 + 7*p + 8. Determine n(6).
-22
Let v(z) = 13*z + 1. Determine v(1).
14
Let s(h) = 9*h**3 - 64*h**2 + 2*h + 34. Calculate s(7).
-1
Let x(b) = b**2 + 10*b + 2. Give x(-11).
13
Let k(o) = 2*o - 147. Give k(53).
-41
Let x(p) = 6*p - 48. Calculate x(8).
0
Let k(i) = -28*i**2 - 1. Calculate k(1).
-29
Let f(u) = -u**3 - 15*u**2 - 13*u + 14. Determine f(-14).
0
Let x(q) = -q**3 - 4*q**2 - 4*q - 3. What is x(-2)?
-3
Let y(b) = -2*b**3 - 18*b**2 - 16*b + 6. Give y(-8).
6
Let d(a) = -a**3 + 9*a**2 + 8*a + 12. What is d(10)?
-8
Let h(t) = t**3 + 10*t**2 + t + 16. Calculate h(-10).
6
Let c(o) = 27*o + 30. Give c(-2).
-24
Let h(x) = 8*x - 117. Give h(16).
11
Let w(n) = -2*n**3 - 10*n**2 + 29*n - 5. Determine w(3).
-62
Let v(g) = -g**2 - 47*g - 136. Give v(-44).
-4
Let w(l) = l**3 - 6*l**2 - l - 1. What is w(6)?
-7
Let r(a) = a**3 - 16*a**2 + a - 8. What is r(16)?
8
Let l(i) = -i**2 - 4*i + 28. Calculate l(-6).
16
Let y(j) = -2*j**2 + 8*j + 5. Determine y(4).
5
Let w(g) = -9*g - 77. Calculate w(-9).
4
Let n(o) = 27*o - 11. Give n(0).
-11
Let t(z) = z**2 + 10*z - 15. Give t(-11).
-4
Let h(d) = -d**3 + 11*d**2 - 7*d - 27. What is h(10)?
3
Let t(h) = -h**3 + h + 4. Give t(0).
4
Let i(h) = 6*h**2 + 1. Give i(-1).
7
Let u(i) = -2*i**2 + 11*i + 17. What is u(11)?
-104
Let x(d) = d**3 + 20*d**2 + 32*d + 243. Give x(-19).
-4
Let f(s) = s**2 + 14*s + 41. Calculate f(-10).
1
Let s(l) = 7*l**2 + 2*l. What is s(-1)?
5
Let b(g) = -3*g. Calculate b(-9).
27
Let c(a) = 4*a + 3. Determine c(-2).
-5
Let o(k) = -7*k**2 - 6*k. What is o(-1)?
-1
Let g(v) = 24*v + 102. Give g(-4).
6
Let m(a) = -114*a**2 + a - 1. Give m(1).
-114
Let n(h) = h**2 + 5*h + 3. Determine n(-3).
-3
Let y(q) = -q**2 + 14*q + 10. What is y(15)?
-5
Let n(g) = g**3 - 7*g**2 + 8*g - 12. Determine n(6).
0
Let z(m) = m**2 - 4*m. Determine z(2).
-4
Let x(c) = 2*c - 11. Calculate x(10).
9
Let a(d) = d**3 - 36*d**2 - 39*d + 72. Determine a(37).
-2
Let j(h) = 3*h + 23. Calculate j(-3).
14
Let r(t) = t**3 - 6*t**2 + 4*t - 15. What is r(5)?
-20
Let f(g) = 11*g - 113. Calculate f(10).
-3
Let t(h) = 2*h - 6. Calculate t(4).
2
Let s(a) = 6*a + 49. Calculate s(-8).
1
Let c(p) = -p**2 + 33*p - 267. Give c(19).
-1
Let i(o) = o**2 - 10*o - 24. Determine i(12).
0
Let a(v) = v**3 + 6*v**2 + 5*v + 5. What is a(-5)?
5
Let y(d) = 2*d + 1. Give y(0).
1
Let c(o) = -59*o - 406. Determine c(-7).
7
Let u(o) = -o + 25. Calculate u(0).
25
Let s(k) = 4*k**2 + 6*k + 7. Determine s(-2).
11
Let p(n) = -n**3 - 6*n**2 - 5*n + 4. What is p(-4)?
-8
Let k(j) = 2*j**3 - 15*j**2 + 7*j + 13. What is k(7)?
13
Let z(k) = -k**2 - 4*k - 4. Determine z(-4).
-4
Let g(b) = 6*b**2 + 5*b + 1. What is g(-2)?
15
Let s(k) = 4*k**2 + 2*k + 2. Calculate s(-3).
32
Let c(b) = -35*b**2 - b + 1. Calculate c(1).
-35
Let p(w) = 2*w**2 - 7*w - 4. What is p(8)?
68
Let x(t) = -t**2 + t - 1. Calculate x(3).
-7
Let n(a) = a**2 + 10*a + 11. Calculate n(-7).
-10
Let d(b) = b**3 - 6*b**2 - 10*b - 2. Give d(8).
46
Let x(v) = 5*v - 46. Determine x(8).
-6
Let s(i) = -3*i**2 + 47*i + 4. Determine s(16).
-12
Let i(k) = -18*k**2 + 2*k - 1. Give i(1).
-17
Let s(n) = 2*n**2 + 30*n - 74. Determine s(-17).
-6
Let c(k) = -k**3 + k**2 + 2*k - 38. What is c(0)?
-38
Let x(s) = -s**2 - 21*s - 44. Give x(-18).
10
Let p(s) = -s**2 + 18*s + 56. Give p(21).
-7
Let t(j) = -2*j**3 - 9*j**2 + 3*j + 3. Determine t(-4).
-25
Let s(a) = -2*a**2 - 6*a + 6. What is s(-5)?
-14
Let f(o) = o**3 + 8. Determine f(0).
8
Let o(b) = 6*b - 59. What is o(23)?
79
Let k(g) = g - 3. Determine k(1).
-2
Let h(j) = -6*j - 237. Determine h(-37).
-15
Let p(d) = -d**3 + 19*d**2 - 20*d + 28. Calculate p(18).
-8
Let y(v) = v - 13. What is y(14)?
1
Let c(z) = z**3 - 6*z**2 - 3*z + 5. Give c(6).
-13
Let o(c) = -2*c**3 + 2*c**2 + c + 11. What is o(-3)?
80
Let y(j) = 73*j + 6. Give y(-1).
-67
Let j(f) = f - 8. Give j(0).
-8
Let r(f) = 22*f**2 + 2*f - 1. Give r(1).
23
Let g(v) = -v**2 + 2*v + 51. Determine g(-6).
3
Let o(m) = -4*m - 20. Give o(-4).
-4
Let i(v) = 2*v + 5. What is i(-2)?
1
Let g(s) = 2*s - 12. Give g(0).
-12
Let v(s) = -s**2 - 7*s + 16. Calculate v(-11).
-28
Let r(v) = v**3 + 11*v**2 + 31*v + 6. Give r(-7).
-15
Let b(d) = -4*d**2 - 8*d + 25. Calculate b(2).
-7
Let q(j) = 69*j**2 + 3*j - 4. What is q(1)?
68
Let n(v) = 25*v**2 + v + 1. Calculate n(1).
27
Let t(n) = 3*n**2 - 37*n - 15. Calculate t(13).
11
Let s(g) = 2*g**2 + 6*g + 5. Give s(-4).
13
Let h(t) = -8*t + 7. Calculate h(-4).
39
Let v(f) = f**3 - 5*f**2 + 7*f + 3. What is v(4)?
15
Let c(h) = -h**2 + 12*h - 18. Determine c(15).
-63
Let q(s) = -s**3 - 12*s**2 - 28*s + 4. Determine q(-9).
13
Let k(s) = 6*s + 9. Determine k(-4).
-15
Let x(g) = -3*g**3 - 6